ed by 106?
44
What is the remainder when 30874 is divided by 10290?
4
Calculate the remainder when 13043 is divided by 19.
9
Calculate the remainder when 695 is divided by 63.
2
What is the remainder when 25085 is divided by 13?
8
What is the remainder when 66441 is divided by 27?
21
What is the remainder when 24305 is divided by 9?
5
Calculate the remainder when 19941 is divided by 1806.
75
What is the remainder when 7852 is divided by 995?
887
Calculate the remainder when 2124 is divided by 424.
4
Calculate the remainder when 833329 is divided by 15.
4
What is the remainder when 94027 is divided by 93977?
50
What is the remainder when 4092 is divided by 416?
348
What is the remainder when 607 is divided by 473?
134
What is the remainder when 213722 is divided by 28?
26
What is the remainder when 1673855 is divided by 20?
15
What is the remainder when 6694 is divided by 5?
4
Calculate the remainder when 260314 is divided by 15.
4
What is the remainder when 224095 is divided by 42?
25
Calculate the remainder when 1081 is divided by 366.
349
What is the remainder when 441 is divided by 8?
1
What is the remainder when 3028859 is divided by 1185?
1184
Calculate the remainder when 1470597 is divided by 760.
757
Calculate the remainder when 18205 is divided by 197.
81
What is the remainder when 3548703 is divided by 14?
11
What is the remainder when 10990 is divided by 2196?
10
Calculate the remainder when 16186 is divided by 294.
16
Calculate the remainder when 23510 is divided by 7827.
29
Calculate the remainder when 18040 is divided by 19.
9
What is the remainder when 24813 is divided by 653?
652
Calculate the remainder when 18860 is divided by 9316.
228
What is the remainder when 1525 is divided by 1039?
486
Calculate the remainder when 8887 is divided by 254.
251
What is the remainder when 1986 is divided by 1790?
196
Calculate the remainder when 351660 is divided by 14.
8
Calculate the remainder when 3580 is divided by 130.
70
What is the remainder when 56902 is divided by 126?
76
Calculate the remainder when 25186 is divided by 50.
36
What is the remainder when 1367 is divided by 184?
79
What is the remainder when 57772 is divided by 33?
22
Calculate the remainder when 20170 is divided by 96.
10
What is the remainder when 8941 is divided by 374?
339
Calculate the remainder when 127957 is divided by 137.
136
Calculate the remainder when 19300 is divided by 3854.
30
What is the remainder when 1844 is divided by 917?
10
Calculate the remainder when 7213 is divided by 2295.
328
What is the remainder when 49697 is divided by 10?
7
What is the remainder when 56850 is divided by 1160?
10
What is the remainder when 254457 is divided by 106?
57
What is the remainder when 96901 is divided by 8?
5
Calculate the remainder when 23346 is divided by 72.
18
Calculate the remainder when 10104 is divided by 3367.
3
Calculate the remainder when 384033 is divided by 69.
48
Calculate the remainder when 1158 is divided by 35.
3
What is the remainder when 126946 is divided by 126909?
37
Calculate the remainder when 20137 is divided by 30.
7
What is the remainder when 43512 is divided by 253?
249
Calculate the remainder when 5153 is divided by 4.
1
Calculate the remainder when 2456 is divided by 1577.
879
Calculate the remainder when 101336 is divided by 130.
66
Calculate the remainder when 3136 is divided by 346.
22
What is the remainder when 40708 is divided by 295?
293
Calculate the remainder when 48257 is divided by 1423.
1298
What is the remainder when 37369 is divided by 370?
369
What is the remainder when 8764 is divided by 55?
19
Calculate the remainder when 2917 is divided by 160.
37
Calculate the remainder when 24838 is divided by 4940.
138
What is the remainder when 1169 is divided by 12?
5
Calculate the remainder when 193452 is divided by 27.
24
What is the remainder when 1922 is divided by 961?
0
What is the remainder when 20477 is divided by 2920?
37
What is the remainder when 18731 is divided by 4681?
7
Calculate the remainder when 1188972 is divided by 25.
22
What is the remainder when 48176 is divided by 16054?
14
What is the remainder when 1113 is divided by 222?
3
Calculate the remainder when 2332 is divided by 1145.
42
What is the remainder when 2022 is divided by 982?
58
Calculate the remainder when 2905 is divided by 1444.
17
What is the remainder when 16174 is divided by 51?
7
What is the remainder when 948 is divided by 603?
345
Calculate the remainder when 3775 is divided by 552.
463
Calculate the remainder when 68685 is divided by 205.
10
Calculate the remainder when 326622 is divided by 163307.
8
Calculate the remainder when 7080 is divided by 7066.
14
Calculate the remainder when 1123999 is divided by 13.
6
What is the remainder when 5280 is divided by 1220?
400
What is the remainder when 25 is divided by 19?
6
What is the remainder when 3793 is divided by 486?
391
Calculate the remainder when 5319 is divided by 2615.
89
What is the remainder when 416050 is divided by 54?
34
What is the remainder when 4726 is divided by 438?
346
What is the remainder when 18822 is divided by 2495?
1357
What is the remainder when 40889 is divided by 15?
14
Calculate the remainder when 8736 is divided by 54.
42
Calculate the remainder when 1432 is divided by 257.
147
What is the remainder when 34514 is divided by 5751?
8
Calculate the remainder when 674 is divided by 255.
164
What is the remainder when 7018 is divided by 368?
26
Calculate the remainder when 61861 is divided by 2945.
16
Calculate the remainder when 1924 is divided by 942.
40
What is the remainder when 187589 is divided by 386?
379
Calculate the remainder when 62335 is divided by 181.
71
Calculate the remainder when 3712 is divided by 148.
12
Calculate the remainder when 2052 is divided by 320.
132
What is the remainder when 58612 is divided by 1727?
1621
What is the remainder when 3919 is divided by 563?
541
Calculate the remainder when 24183 is divided by 2599.
792
Calculate the remainder when 1502 is divided by 200.
102
What is the remainder when 52464 is divided by 330?
324
Calculate the remainder when 6079 is divided by 713.
375
What is the remainder when 2572 is divided by 1277?
18
What is the remainder when 88840 is divided by 29609?
13
What is the remainder when 3262 is divided by 68?
66
Calculate the remainder when 126964 is divided by 2395.
29
Calculate the remainder when 14829 is divided by 24.
21
Calculate the remainder when 2696 is divided by 2252.
444
What is the remainder when 849847 is divided by 283?
281
What is the remainder when 50154 is divided by 448?
426
Calculate the remainder when 42293 is divided by 14078.
59
What is the remainder when 450 is divided by 162?
126
What is the remainder when 88054 is divided by 6?
4
Calculate the remainder when 5402949 is divided by 4.
1
What is the remainder when 18080 is divided by 909?
809
Calculate the remainder when 8604 is divided by 532.
92
What is the remainder when 12239 is divided by 2250?
989
What is the remainder when 817 is divided by 15?
7
Calculate the remainder when 37529 is divided by 446.
65
What is the remainder when 120931 is divided by 60460?
11
Calculate the remainder when 8936 is divided by 316.
88
Calculate the remainder when 196979 is divided by 37.
28
Calculate the remainder when 17104 is divided by 199.
189
Calculate the remainder when 38467 is divided by 118.
117
What is the remainder when 98751 is divided by 287?
23
Calculate the remainder when 7491 is divided by 170.
11
Calculate the remainder when 39455 is divided by 7879.
60
What is the remainder when 4363 is divided by 13?
8
Calculate the remainder when 332716 is divided by 892.
0
Calculate the remainder when 252590 is divided by 61.
50
What is the remainder when 399794 is divided by 5?
4
Calculate the remainder when 16155 is divided by 5374.
33
Calculate the remainder when 50779 is divided by 3160.
219
What is the remainder when 6199 is divided by 244?
99
Calculate the remainder when 1820 is divided by 270.
200
What is the remainder when 6027 is divided by 495?
87
Calculate the remainder when 53385 is divided by 29.
25
What is the remainder when 2756 is divided by 393?
5
What is the remainder when 147611 is divided by 112?
107
What is the remainder